{"id":3987,"date":"2024-10-22T14:41:01","date_gmt":"2024-10-22T12:41:01","guid":{"rendered":"https:\/\/decorstreaming.com\/?product=asus-prime-b650m-a-wifi-carte-mere-amd-ryzen-am5-micro-atx-ddr5-pcie-5-0-m-2-support-2-5gb-ethernet-wi-fi-6-amd-ryzen-7-7700x-processeur-8-coeurs-16-threads-debrides-architecture-zen"},"modified":"2024-10-22T14:41:01","modified_gmt":"2024-10-22T12:41:01","slug":"asus-prime-b650m-a-wifi-carte-mere-amd-ryzen-am5-micro-atx-ddr5-pcie-5-0-m-2-support-2-5gb-ethernet-wi-fi-6-amd-ryzen-7-7700x-processeur-8-coeurs-16-threads-debrides-architecture-zen","status":"publish","type":"product","link":"https:\/\/decorstreaming.com\/?product=asus-prime-b650m-a-wifi-carte-mere-amd-ryzen-am5-micro-atx-ddr5-pcie-5-0-m-2-support-2-5gb-ethernet-wi-fi-6-amd-ryzen-7-7700x-processeur-8-coeurs-16-threads-debrides-architecture-zen","title":{"rendered":"ASUS Prime B650M-A WiFi \u2013 Carte m\u00e8re AMD Ryzen AM5 Micro-ATX (DDR5, PCIe 5.0 M.2 support, 2.5Gb Ethernet, Wi-FI 6 + AMD Ryzen 7 7700X Processeur, 8 C\u0153urs\/16 Threads D\u00e9brid\u00e9s, Architecture Zen 4"},"content":{"rendered":"<p>Prix: <span style=\"color:#b12704\"><del>724,89\u20ac<\/del> - 522,93\u20ac<\/span><\/p>\n<hr\/>\n<p>Connectivit\u00e9 ultra-rapide : Wi-Fi 6, M.2 PCIe 5.0, Realtek 2.5Gb Ethernet, ports USB 3.2 Gen 2, front USB 3.2 Gen 1 Type-C \u00e0 l\u2019avant<br \/>ASUS OptiMem II : acheminement minutieux des trac\u00e9s et des vias, plus des optimisations de la couche de terre pour pr\u00e9server l&rsquo;int\u00e9grit\u00e9 du signal et ainsi am\u00e9liorer l&rsquo;overclocking de la m\u00e9moire<br \/>ARCHITECTURE ZEN 4 &#8211; Le nouveau standard pour les joueurs et cr\u00e9ateurs. Profitez de performances incroyables ainsi que d&rsquo;une efficacit\u00e9 \u00e9nerg\u00e9tique accrue gr\u00e2ce \u00e0 la nouvelle architecture AMD Zen 4 bas\u00e9e sur une finesse de gravure en 5 nm, une premi\u00e8re mondiale<br \/>8 C\u0152URS ET 16 THREADS &#8211; Le Ryzen 7 7700X offre des fr\u00e9quences incroyables (Base 4,5 GHz \/ Boost 5,4 GHz). L&rsquo;overclocking est bien s\u00fbr possible puisque l&rsquo;ensemble des c\u0153urs sont d\u00e9brid\u00e9s.<br \/>DES CARACT\u00c9RISTIQUES AVANC\u00c9ES &#8211; Avec une un TDP de 105 W, et ses 40 MB Cache L3, le Ryzen 7 7700X est taill\u00e9 pour accomplir de grandes choses. Son I\/O Die dispose \u00e9galement d&rsquo;une puce graphique int\u00e9gr\u00e9e AMD RDNA 2.<\/p>\n","protected":false},"excerpt":{"rendered":"<p>Prix: Connectivit\u00e9 ultra-rapide : Wi-Fi 6, M.2 PCIe 5.0, Realtek 2.5Gb Ethernet, ports USB 3.2 Gen 2, front USB 3.2 Gen 1 Type-C \u00e0 l\u2019avantASUS OptiMem II : acheminement minutieux des trac\u00e9s et des vias, plus des optimisations de la couche de terre pour pr\u00e9server l&rsquo;int\u00e9grit\u00e9 du signal et ainsi am\u00e9liorer l&rsquo;overclocking de la m\u00e9moireARCHITECTURE&hellip;<\/p>\n","protected":false},"featured_media":3988,"comment_status":"open","ping_status":"closed","template":"","meta":{"_gspb_post_css":"","_monsterinsights_skip_tracking":false,"_monsterinsights_sitenote_active":false,"_monsterinsights_sitenote_note":"","_monsterinsights_sitenote_category":0},"product_cat":[70],"product_tag":[],"class_list":{"0":"post-3987","1":"product","2":"type-product","3":"status-publish","4":"has-post-thumbnail","6":"product_cat-pc-streaming","8":"first","9":"instock","10":"sale","11":"shipping-taxable","12":"product-type-external","13":"add-to-wishlist-after_add_to_cart","14":"col-xs-6 col-sm-4","15":"col-md-3 col-lg-3","16":"un-4-cols"},"aioseo_notices":[],"_links":{"self":[{"href":"https:\/\/decorstreaming.com\/index.php?rest_route=\/wp\/v2\/product\/3987","targetHints":{"allow":["GET"]}}],"collection":[{"href":"https:\/\/decorstreaming.com\/index.php?rest_route=\/wp\/v2\/product"}],"about":[{"href":"https:\/\/decorstreaming.com\/index.php?rest_route=\/wp\/v2\/types\/product"}],"replies":[{"embeddable":true,"href":"https:\/\/decorstreaming.com\/index.php?rest_route=%2Fwp%2Fv2%2Fcomments&post=3987"}],"wp:featuredmedia":[{"embeddable":true,"href":"https:\/\/decorstreaming.com\/index.php?rest_route=\/wp\/v2\/media\/3988"}],"wp:attachment":[{"href":"https:\/\/decorstreaming.com\/index.php?rest_route=%2Fwp%2Fv2%2Fmedia&parent=3987"}],"wp:term":[{"taxonomy":"product_cat","embeddable":true,"href":"https:\/\/decorstreaming.com\/index.php?rest_route=%2Fwp%2Fv2%2Fproduct_cat&post=3987"},{"taxonomy":"product_tag","embeddable":true,"href":"https:\/\/decorstreaming.com\/index.php?rest_route=%2Fwp%2Fv2%2Fproduct_tag&post=3987"}],"curies":[{"name":"wp","href":"https:\/\/api.w.org\/{rel}","templated":true}]}}