{"id":3958,"date":"2024-10-22T10:04:16","date_gmt":"2024-10-22T08:04:16","guid":{"rendered":"https:\/\/decorstreaming.com\/?product=asus-prime-b760-plus-lga-1700-4xddr5-atx"},"modified":"2024-10-22T10:04:16","modified_gmt":"2024-10-22T08:04:16","slug":"asus-prime-b760-plus-lga-1700-4xddr5-atx","status":"publish","type":"product","link":"https:\/\/decorstreaming.com\/?product=asus-prime-b760-plus-lga-1700-4xddr5-atx","title":{"rendered":"ASUS PRIME B760-PLUS LGA 1700 4xDDR5 ATX"},"content":{"rendered":"<p>Prix: <span style=\"color:#b12704\">141,57&nbsp;\u20ac<\/span><br \/>\n<span>ASUS Le Prime B760-PLUS est con\u00e7u de mani\u00e8re experte pour lib\u00e9rer tout le potentiel des processeurs Intel\u00ae Core\u2122 de 13e g\u00e9n\u00e9ration. \u00c9quip\u00e9 de fonctionnalit\u00e9s exceptionnelles, y compris le support PCIe 5.0 et DDR5, trois emplacements PCIe 4.0 M.2, Realtek 2.5 Go Ethernet, Vertical M.2 slot (Key E), USB 3.2 Gen 2&#215;2 Type-C\u00ae, USB 3.2 Gen 1 Type-C\u00ae \u00e0 l&rsquo;arri\u00e8re.<\/span><br \/>Connectivit\u00e9 ultra rapide : PCIe 5.0, DDR5, trois emplacements PCIe 4.0 M.2, Realtek Ethernet 2,5 Go, USB 3.2 Gen 2 x 2 Type-C, prise en charge de l&rsquo;en-t\u00eate USB 3.2 Gen 1 Type-C et Thunderbolt (USB4)<br \/>Refroidissement complet : dissipateurs thermiques VRM, dissipateur thermique M.2, dissipateur thermique PCH, en-t\u00eates de ventilateur hybrides et Fan Xpert 2+<br \/>ASUS OptiMem : routage soign\u00e9 des traces et des vias pour pr\u00e9server l&rsquo;int\u00e9grit\u00e9 du signal pour une meilleure stabilit\u00e9 de la m\u00e9moire<br \/>\u00c9clairage RVB Aura Sync : en-t\u00eates adressables Gen 2 int\u00e9gr\u00e9s et en-t\u00eate Aura RGB pour bandes LED RVB, facilement synchronis\u00e9 avec le mat\u00e9riel compatible Aura Sync<\/p>\n","protected":false},"excerpt":{"rendered":"<p>Prix: ASUS Le Prime B760-PLUS est con\u00e7u de mani\u00e8re experte pour lib\u00e9rer tout le potentiel des processeurs Intel\u00ae Core\u2122 de 13e g\u00e9n\u00e9ration. \u00c9quip\u00e9 de fonctionnalit\u00e9s exceptionnelles, y compris le support PCIe 5.0 et DDR5, trois emplacements PCIe 4.0 M.2, Realtek 2.5 Go Ethernet, Vertical M.2 slot (Key E), USB 3.2 Gen 2&#215;2 Type-C\u00ae, USB 3.2&hellip;<\/p>\n","protected":false},"featured_media":3959,"comment_status":"open","ping_status":"closed","template":"","meta":{"_gspb_post_css":"","_monsterinsights_skip_tracking":false,"_monsterinsights_sitenote_active":false,"_monsterinsights_sitenote_note":"","_monsterinsights_sitenote_category":0},"product_cat":[70],"product_tag":[],"class_list":{"0":"post-3958","1":"product","2":"type-product","3":"status-publish","4":"has-post-thumbnail","6":"product_cat-pc-streaming","8":"first","9":"instock","10":"shipping-taxable","11":"product-type-external","12":"add-to-wishlist-after_add_to_cart","13":"col-xs-6 col-sm-4","14":"col-md-3 col-lg-3","15":"un-4-cols"},"aioseo_notices":[],"_links":{"self":[{"href":"https:\/\/decorstreaming.com\/index.php?rest_route=\/wp\/v2\/product\/3958","targetHints":{"allow":["GET"]}}],"collection":[{"href":"https:\/\/decorstreaming.com\/index.php?rest_route=\/wp\/v2\/product"}],"about":[{"href":"https:\/\/decorstreaming.com\/index.php?rest_route=\/wp\/v2\/types\/product"}],"replies":[{"embeddable":true,"href":"https:\/\/decorstreaming.com\/index.php?rest_route=%2Fwp%2Fv2%2Fcomments&post=3958"}],"wp:featuredmedia":[{"embeddable":true,"href":"https:\/\/decorstreaming.com\/index.php?rest_route=\/wp\/v2\/media\/3959"}],"wp:attachment":[{"href":"https:\/\/decorstreaming.com\/index.php?rest_route=%2Fwp%2Fv2%2Fmedia&parent=3958"}],"wp:term":[{"taxonomy":"product_cat","embeddable":true,"href":"https:\/\/decorstreaming.com\/index.php?rest_route=%2Fwp%2Fv2%2Fproduct_cat&post=3958"},{"taxonomy":"product_tag","embeddable":true,"href":"https:\/\/decorstreaming.com\/index.php?rest_route=%2Fwp%2Fv2%2Fproduct_tag&post=3958"}],"curies":[{"name":"wp","href":"https:\/\/api.w.org\/{rel}","templated":true}]}}