{"id":3183,"date":"2024-10-12T06:47:43","date_gmt":"2024-10-12T04:47:43","guid":{"rendered":"https:\/\/decorstreaming.com\/?product=behringer-xm8500-ultravoice-dynamic-cardioid-vocal-microphone-stagg-6-m-cable-microphone-xlr-phono-de-haute-qualite-noir"},"modified":"2024-10-12T06:47:43","modified_gmt":"2024-10-12T04:47:43","slug":"behringer-xm8500-ultravoice-dynamic-cardioid-vocal-microphone-stagg-6-m-cable-microphone-xlr-phono-de-haute-qualite-noir","status":"publish","type":"product","link":"https:\/\/decorstreaming.com\/?product=behringer-xm8500-ultravoice-dynamic-cardioid-vocal-microphone-stagg-6-m-cable-microphone-xlr-phono-de-haute-qualite-noir","title":{"rendered":"Behringer XM8500 Ultravoice Dynamic Cardioid Vocal Microphone &#038; Stagg 6 m C\u00e2ble Microphone XLR &#8211; Phono de Haute Qualit\u00e9 &#8211; Noir"},"content":{"rendered":"<p>Prix: <span style=\"color:#b12704\"><del>35,76\u20ac<\/del> - 29,42\u20ac<\/span><\/p>\n<hr\/>\n<p>Syst\u00e8me amortisseur pour att\u00e9nuer les bruits de manipulation<br \/>Double filtre antipop pour att\u00e9nuer les bruits de souffle et les pops<br \/>R\u00e9ponse en fr\u00e9quence de 50 Hz \u00e0 15 kHz<br \/>Robuste connexions XLR femelle &#8211; 1\/4 \u00ab\u00a0jack mono<br \/>S\u00e9rie S<br \/>compatible ROHS<br \/>C\u00e2ble microphone standard<\/p>\n","protected":false},"excerpt":{"rendered":"<p>Prix: Syst\u00e8me amortisseur pour att\u00e9nuer les bruits de manipulationDouble filtre antipop pour att\u00e9nuer les bruits de souffle et les popsR\u00e9ponse en fr\u00e9quence de 50 Hz \u00e0 15 kHzRobuste connexions XLR femelle &#8211; 1\/4 \u00ab\u00a0jack monoS\u00e9rie Scompatible ROHSC\u00e2ble microphone standard<\/p>\n","protected":false},"featured_media":3184,"comment_status":"open","ping_status":"closed","template":"","meta":{"_gspb_post_css":"","_monsterinsights_skip_tracking":false,"_monsterinsights_sitenote_active":false,"_monsterinsights_sitenote_note":"","_monsterinsights_sitenote_category":0},"product_cat":[67],"product_tag":[],"class_list":{"0":"post-3183","1":"product","2":"type-product","3":"status-publish","4":"has-post-thumbnail","6":"product_cat-micros","8":"first","9":"instock","10":"sale","11":"shipping-taxable","12":"product-type-external","13":"add-to-wishlist-after_add_to_cart","14":"col-xs-6 col-sm-4","15":"col-md-3 col-lg-3","16":"un-4-cols"},"aioseo_notices":[],"_links":{"self":[{"href":"https:\/\/decorstreaming.com\/index.php?rest_route=\/wp\/v2\/product\/3183","targetHints":{"allow":["GET"]}}],"collection":[{"href":"https:\/\/decorstreaming.com\/index.php?rest_route=\/wp\/v2\/product"}],"about":[{"href":"https:\/\/decorstreaming.com\/index.php?rest_route=\/wp\/v2\/types\/product"}],"replies":[{"embeddable":true,"href":"https:\/\/decorstreaming.com\/index.php?rest_route=%2Fwp%2Fv2%2Fcomments&post=3183"}],"wp:featuredmedia":[{"embeddable":true,"href":"https:\/\/decorstreaming.com\/index.php?rest_route=\/wp\/v2\/media\/3184"}],"wp:attachment":[{"href":"https:\/\/decorstreaming.com\/index.php?rest_route=%2Fwp%2Fv2%2Fmedia&parent=3183"}],"wp:term":[{"taxonomy":"product_cat","embeddable":true,"href":"https:\/\/decorstreaming.com\/index.php?rest_route=%2Fwp%2Fv2%2Fproduct_cat&post=3183"},{"taxonomy":"product_tag","embeddable":true,"href":"https:\/\/decorstreaming.com\/index.php?rest_route=%2Fwp%2Fv2%2Fproduct_tag&post=3183"}],"curies":[{"name":"wp","href":"https:\/\/api.w.org\/{rel}","templated":true}]}}