{"id":3115,"date":"2024-10-12T01:39:26","date_gmt":"2024-10-11T23:39:26","guid":{"rendered":"https:\/\/decorstreaming.com\/?product=vicco-secretaire-bureau-berdi-sonoma-blanc-110-x-45-cm"},"modified":"2024-10-12T01:39:26","modified_gmt":"2024-10-11T23:39:26","slug":"vicco-secretaire-bureau-berdi-sonoma-blanc-110-x-45-cm","status":"publish","type":"product","link":"https:\/\/decorstreaming.com\/?product=vicco-secretaire-bureau-berdi-sonoma-blanc-110-x-45-cm","title":{"rendered":"Vicco Secr\u00e9taire Bureau Berdi, Sonoma\/Blanc, 110 x 45 cm"},"content":{"rendered":"<p>Prix: <span style=\"color:#b12704\">49,99<\/span><\/p>\n<p>        Description du produit<\/p>\n<p>          <img decoding=\"async\" alt=\"Vicco Banni\u00e8re 01 Table basse\" src=\"https:\/\/images-na.ssl-images-amazon.com\/images\/G\/01\/x-locale\/common\/grey-pixel.gif\" class=\"a-lazy-loaded\" data-src=\"https:\/\/m.media-amazon.com\/images\/S\/aplus-media\/sc\/3f384ed5-4cb9-45b9-a59c-049dd584c185.__CR0,5,970,291_PT0_SX600_V1___.jpg\"><\/p>\n<p>            <img decoding=\"async\" alt=\"Vicco Banni\u00e8re 01 Table basse\" src=\"https:\/\/m.media-amazon.com\/images\/S\/aplus-media\/sc\/3f384ed5-4cb9-45b9-a59c-049dd584c185.__CR0,5,970,291_PT0_SX600_V1___.jpg\"><\/p>\n<p>Depuis plus de 15 ans, nous sommes l&rsquo;un des plus grands d\u00e9taillants en ligne d&rsquo;Europe et des sp\u00e9cialistes passionn\u00e9s dans le domaine du mobilier et de la d\u00e9coration int\u00e9rieure. Les meubles que nous d\u00e9veloppons en Allemagne allient des exigences \u00e9lev\u00e9es de design avec une fabrication rentable et une qualit\u00e9 des mat\u00e9riaux de qualit\u00e9 sup\u00e9rieure. Avec plus de 130 sp\u00e9cialistes et 6 succursales dans le monde entier, nous sommes synonymes de solutions de produits \u00e0 large bande et d&rsquo;id\u00e9es de meubles exceptionnelles avec un caract\u00e8re de bien-\u00eatre.<\/p>\n<p>               <img decoding=\"async\" alt=\"Secr\u00e9taire Berdi \" src=\"https:\/\/images-na.ssl-images-amazon.com\/images\/G\/01\/x-locale\/common\/grey-pixel.gif\" class=\"a-spacing-mini a-lazy-loaded\" data-src=\"https:\/\/m.media-amazon.com\/images\/S\/aplus-media-library-service-media\/7a42af50-bba1-4b11-bb30-147ef00ad02d.__CR0,0,1000,1000_PT0_SX300_V1___.jpg\"><\/p>\n<p>                 <img decoding=\"async\" alt=\"Secr\u00e9taire Berdi \" src=\"https:\/\/m.media-amazon.com\/images\/S\/aplus-media-library-service-media\/7a42af50-bba1-4b11-bb30-147ef00ad02d.__CR0,0,1000,1000_PT0_SX300_V1___.jpg\"><\/p>\n<h3 class=\"a-spacing-mini\">Secr\u00e9taire Berdi<\/h3>\n<p class=\"a-spacing-base\">Compact et flexible &#8211; Avec cette table d&rsquo;armoire, vous pouvez am\u00e9nager votre espace de travail de mani\u00e8re peu encombrante et flexible.<\/p>\n<p>               <img decoding=\"async\" alt=\"Secr\u00e9taire Berdi \" src=\"https:\/\/images-na.ssl-images-amazon.com\/images\/G\/01\/x-locale\/common\/grey-pixel.gif\" class=\"a-spacing-mini a-lazy-loaded\" data-src=\"https:\/\/m.media-amazon.com\/images\/S\/aplus-media-library-service-media\/90c860a4-4028-41a3-9857-315f426a98c4.__CR0,0,1000,1000_PT0_SX300_V1___.jpg\"><\/p>\n<p>                 <img decoding=\"async\" alt=\"Secr\u00e9taire Berdi \" src=\"https:\/\/m.media-amazon.com\/images\/S\/aplus-media-library-service-media\/90c860a4-4028-41a3-9857-315f426a98c4.__CR0,0,1000,1000_PT0_SX300_V1___.jpg\"><\/p>\n<h3 class=\"a-spacing-mini\">Secr\u00e9taire Berdi<\/h3>\n<p class=\"a-spacing-base\">Malgr\u00e9 son design compact et sa faible profondeur, notre secr\u00e9taire offre beaucoup d&rsquo;espace de rangement. Ce produit polyvalent s&rsquo;adaptera \u00e0 n&rsquo;importe quelle pi\u00e8ce et \u00e0 n&rsquo;importe quelle pi\u00e8ce gr\u00e2ce \u00e0 son design moderne et sobre.<\/p>\n<p>               <img decoding=\"async\" alt=\"Secr\u00e9taire Berdi \" src=\"https:\/\/images-na.ssl-images-amazon.com\/images\/G\/01\/x-locale\/common\/grey-pixel.gif\" class=\"a-spacing-mini a-lazy-loaded\" data-src=\"https:\/\/m.media-amazon.com\/images\/S\/aplus-media-library-service-media\/ce83188c-f906-492f-9845-40c1442e1b33.__CR0,0,1000,1000_PT0_SX300_V1___.jpg\"><\/p>\n<p>                 <img decoding=\"async\" alt=\"Secr\u00e9taire Berdi \" src=\"https:\/\/m.media-amazon.com\/images\/S\/aplus-media-library-service-media\/ce83188c-f906-492f-9845-40c1442e1b33.__CR0,0,1000,1000_PT0_SX300_V1___.jpg\"><\/p>\n<h3 class=\"a-spacing-mini\">Couleurs :<\/h3>\n<p class=\"a-spacing-base\">Notre secr\u00e9taire est disponible en deux couleurs.<\/p>\n<p>               <img decoding=\"async\" alt=\"Secr\u00e9taire Berdi \" src=\"https:\/\/images-na.ssl-images-amazon.com\/images\/G\/01\/x-locale\/common\/grey-pixel.gif\" class=\"a-lazy-loaded\" data-src=\"https:\/\/m.media-amazon.com\/images\/S\/aplus-media-library-service-media\/7a42af50-bba1-4b11-bb30-147ef00ad02d.__CR0,0,1000,1000_PT0_SX300_V1___.jpg\"><\/p>\n<p>                 <img decoding=\"async\" alt=\"Secr\u00e9taire Berdi \" src=\"https:\/\/m.media-amazon.com\/images\/S\/aplus-media-library-service-media\/7a42af50-bba1-4b11-bb30-147ef00ad02d.__CR0,0,1000,1000_PT0_SX300_V1___.jpg\"><\/p>\n<p>               <img decoding=\"async\" alt=\"Secr\u00e9taire Berdi \" src=\"https:\/\/images-na.ssl-images-amazon.com\/images\/G\/01\/x-locale\/common\/grey-pixel.gif\" class=\"a-lazy-loaded\" data-src=\"https:\/\/m.media-amazon.com\/images\/S\/aplus-media-library-service-media\/90c860a4-4028-41a3-9857-315f426a98c4.__CR0,0,1000,1000_PT0_SX300_V1___.jpg\"><\/p>\n<p>                 <img decoding=\"async\" alt=\"Secr\u00e9taire Berdi \" src=\"https:\/\/m.media-amazon.com\/images\/S\/aplus-media-library-service-media\/90c860a4-4028-41a3-9857-315f426a98c4.__CR0,0,1000,1000_PT0_SX300_V1___.jpg\"><\/p>\n<p>               <img decoding=\"async\" alt=\"Secr\u00e9taire Berdi \" src=\"https:\/\/images-na.ssl-images-amazon.com\/images\/G\/01\/x-locale\/common\/grey-pixel.gif\" class=\"a-lazy-loaded\" data-src=\"https:\/\/m.media-amazon.com\/images\/S\/aplus-media-library-service-media\/ce83188c-f906-492f-9845-40c1442e1b33.__CR0,0,1000,1000_PT0_SX300_V1___.jpg\"><\/p>\n<p>                 <img decoding=\"async\" alt=\"Secr\u00e9taire Berdi \" src=\"https:\/\/m.media-amazon.com\/images\/S\/aplus-media-library-service-media\/ce83188c-f906-492f-9845-40c1442e1b33.__CR0,0,1000,1000_PT0_SX300_V1___.jpg\"><\/p>\n<h3 class=\"a-spacing-small\"><\/h3>\n<p>             <img decoding=\"async\" alt=\"Secr\u00e9taire Berdi\" src=\"https:\/\/images-na.ssl-images-amazon.com\/images\/G\/01\/x-locale\/common\/grey-pixel.gif\" class=\"a-spacing-mini a-lazy-loaded\" data-src=\"https:\/\/m.media-amazon.com\/images\/S\/aplus-media-library-service-media\/d893c65c-0056-44fc-b35c-d8e2a4429857.__CR0,0,1000,1000_PT0_SX300_V1___.jpg\"><\/p>\n<p>               <img decoding=\"async\" alt=\"Secr\u00e9taire Berdi\" src=\"https:\/\/m.media-amazon.com\/images\/S\/aplus-media-library-service-media\/d893c65c-0056-44fc-b35c-d8e2a4429857.__CR0,0,1000,1000_PT0_SX300_V1___.jpg\"><\/p>\n<p>               Contenu :<\/p>\n<p class=\"a-spacing-small a-size-small\">1 secr\u00e9taire.<\/p>\n<p>              D\u00e9tails techniques :<br \/>\n              Bureau<\/p>\n<p class=\"a-spacing-base\">Couleur : (Corps : Blanc mat &#8211; Fa\u00e7ades : blanc mat &#8211; Dimensions : 110 x 140 x 45 cm (l x H x P) &#8211; Poids : 65,5 kg &#8211; Mat\u00e9riau : (Corps : Panneau de particules de 16 mm, rev\u00eatement en m\u00e9lamine | Pieds : plastique).<\/p>\n<p><img decoding=\"async\" alt=\"Secr\u00e9taire Berdi\" src=\"https:\/\/images-na.ssl-images-amazon.com\/images\/G\/01\/x-locale\/common\/grey-pixel.gif\" class=\"a-spacing-mini a-lazy-loaded\" data-src=\"https:\/\/m.media-amazon.com\/images\/S\/aplus-media-library-service-media\/7c4781d0-3841-42de-b78c-90493b1970e9.__CR0,0,1000,1000_PT0_SX300_V1___.jpg\">\n                  <\/p>\n<p>                   <img decoding=\"async\" alt=\"Secr\u00e9taire Berdi\" src=\"https:\/\/m.media-amazon.com\/images\/S\/aplus-media-library-service-media\/7c4781d0-3841-42de-b78c-90493b1970e9.__CR0,0,1000,1000_PT0_SX300_V1___.jpg\"><\/p>\n<p><img decoding=\"async\" alt=\"Secr\u00e9taire Berdi\" src=\"https:\/\/images-na.ssl-images-amazon.com\/images\/G\/01\/x-locale\/common\/grey-pixel.gif\" class=\"a-spacing-mini a-lazy-loaded\" data-src=\"https:\/\/m.media-amazon.com\/images\/S\/aplus-media-library-service-media\/392eb704-0d26-4e0c-9960-96bbeeacc0de.__CR0,0,1000,1000_PT0_SX300_V1___.jpg\">\n                  <\/p>\n<p>                   <img decoding=\"async\" alt=\"Secr\u00e9taire Berdi\" src=\"https:\/\/m.media-amazon.com\/images\/S\/aplus-media-library-service-media\/392eb704-0d26-4e0c-9960-96bbeeacc0de.__CR0,0,1000,1000_PT0_SX300_V1___.jpg\"><\/p>\n<p><img decoding=\"async\" alt=\"Secr\u00e9taire Berdi\" src=\"https:\/\/images-na.ssl-images-amazon.com\/images\/G\/01\/x-locale\/common\/grey-pixel.gif\" class=\"a-spacing-mini a-lazy-loaded\" data-src=\"https:\/\/m.media-amazon.com\/images\/S\/aplus-media-library-service-media\/a1c69e49-0de0-4747-ba94-0424f8e9040b.__CR0,0,1000,1000_PT0_SX300_V1___.jpg\">\n                  <\/p>\n<p>                   <img decoding=\"async\" alt=\"Secr\u00e9taire Berdi\" src=\"https:\/\/m.media-amazon.com\/images\/S\/aplus-media-library-service-media\/a1c69e49-0de0-4747-ba94-0424f8e9040b.__CR0,0,1000,1000_PT0_SX300_V1___.jpg\"><\/p>\n<p>                 Flexible<\/p>\n<p>Le design est visuellement tr\u00e8s attrayant. Il s&rsquo;int\u00e8gre parfaitement dans les espaces de vie les plus vari\u00e9s. En particulier dans les pi\u00e8ces dont l&rsquo;espace est limit\u00e9 \u00e0 la recherche d&rsquo;une solution optimale. Ce bureau d&rsquo;armoire est la solution parfaite pour tous ceux qui ont peu de place mais qui ont toujours besoin de beaucoup d&rsquo;espace de rangement.<\/p>\n<p>                 D\u00e9tails :<\/p>\n<p>Pli\u00e9, ce bureau pratique prend peu de place et offre beaucoup d&rsquo;espace de rangement avec divers compartiments et possibilit\u00e9s de rangement. Le plateau de table est particuli\u00e8rement r\u00e9sistant et robuste gr\u00e2ce aux charni\u00e8res de qualit\u00e9 sup\u00e9rieure. Berdi dispose de 4 compartiments ouverts et 3 compartiments ferm\u00e9s et offre ainsi suffisamment d&rsquo;espace et de rangement pour tous vos ustensiles.<\/p>\n<p>                 Fonctionnalit\u00e9s :<\/p>\n<p>Gr\u00e2ce \u00e0 la finition de qualit\u00e9 sup\u00e9rieure des mat\u00e9riaux et du rev\u00eatement en r\u00e9sine de m\u00e9lamine, la surface est r\u00e9sistante aux rayures et tr\u00e8s facile \u00e0 nettoyer. Laissez-vous convaincre par notre secr\u00e9taire pratique.<\/p>\n<p>                   Ajouter au panier <\/p>\n<p>                   Ajouter au panier <\/p>\n<p>                   Ajouter au panier <\/p>\n<p>                   Ajouter au panier <\/p>\n<p>                 Avis client <\/p>\n<p>                  3,2 sur 5\u00a0\u00e9toiles<\/p>\n<p>                   78<\/p>\n<p>                  3,2 sur 5\u00a0\u00e9toiles<\/p>\n<p>                   78<\/p>\n<p>                  5,0 sur 5\u00a0\u00e9toiles<\/p>\n<p>                   4<\/p>\n<p>                  4,5 sur 5\u00a0\u00e9toiles<\/p>\n<p>                   258<\/p>\n<p>                  4,6 sur 5\u00a0\u00e9toiles<\/p>\n<p>                   197<\/p>\n<p>                 Prix<br \/>\n                315,90\u00a0\u20ac\u20ac315,90<br \/>\n                311,90\u00a0\u20ac\u20ac311,90<br \/>\n                \u2014<br \/>\n                66,90\u00a0\u20ac\u20ac66,90<br \/>\n                61,90\u00a0\u20ac\u20ac61,90<\/p>\n<p>                 \u2713<br \/>\n                 \u2713<br \/>\n                 \u2713<br \/>\n                 \u2713<br \/>\n                 \u2713 <\/p>\n<p>                   Ajouter au panier <\/p>\n<p>                 Avis client <\/p>\n<p>                  \u2014<\/p>\n<p>                  4,2 sur 5\u00a0\u00e9toiles<\/p>\n<p>                   42<\/p>\n<p>                  \u2014<\/p>\n<p>                  \u2014<\/p>\n<p>                  \u2014<\/p>\n<p>                 Prix<br \/>\n                \u2014<br \/>\n                85,90\u00a0\u20ac\u20ac85,90<br \/>\n                \u2014<br \/>\n                \u2014<br \/>\n                \u2014<\/p>\n<p>                 \u2713<br \/>\n                 \u2713<br \/>\n                 \u2713<br \/>\n                 \u2713<br \/>\n                 \u2713 <\/p>\n<p>Cette table de travail avec armoire offre 4 compartiments ouverts et 3 clos, pour une grande capacit\u00e9 de rangement. Id\u00e9ale pour la maison et le bureau.<br \/>DIMENSIONS : Le Bureau mesure 110 cm &#8211; Largeur, 140 cm &#8211; Hauteur, 45 cm &#8211; Profondeur. Toutes les tailles d\u00e9taill\u00e9es sont indiqu\u00e9es sur les photos.<br \/>MAT\u00c9RIAU: La table pour PC est compos\u00e9e de panneaux de particules de 16 mm faciles \u00e0 entretenir, avec un rev\u00eatement en r\u00e9sine m\u00e9lamine.<br \/>CONTENU DE LA LIVRAISON: Bureau de secr\u00e9taire, Instructions de montage, Mat\u00e9riel de montage<\/p>\n","protected":false},"excerpt":{"rendered":"<p>Prix: Description du produit Depuis plus de 15 ans, nous sommes l&rsquo;un des plus grands d\u00e9taillants en ligne d&rsquo;Europe et des sp\u00e9cialistes passionn\u00e9s dans le domaine du mobilier et de la d\u00e9coration int\u00e9rieure. Les meubles que nous d\u00e9veloppons en Allemagne allient des exigences \u00e9lev\u00e9es de design avec une fabrication rentable et une qualit\u00e9 des mat\u00e9riaux&hellip;<\/p>\n","protected":false},"featured_media":3116,"comment_status":"open","ping_status":"closed","template":"","meta":{"_gspb_post_css":"","_monsterinsights_skip_tracking":false,"_monsterinsights_sitenote_active":false,"_monsterinsights_sitenote_note":"","_monsterinsights_sitenote_category":0},"product_cat":[64],"product_tag":[],"class_list":{"0":"post-3115","1":"product","2":"type-product","3":"status-publish","4":"has-post-thumbnail","6":"product_cat-meuble-deco","8":"first","9":"instock","10":"shipping-taxable","11":"product-type-external","12":"add-to-wishlist-after_add_to_cart","13":"col-xs-6 col-sm-4","14":"col-md-3 col-lg-3","15":"un-4-cols"},"aioseo_notices":[],"_links":{"self":[{"href":"https:\/\/decorstreaming.com\/index.php?rest_route=\/wp\/v2\/product\/3115","targetHints":{"allow":["GET"]}}],"collection":[{"href":"https:\/\/decorstreaming.com\/index.php?rest_route=\/wp\/v2\/product"}],"about":[{"href":"https:\/\/decorstreaming.com\/index.php?rest_route=\/wp\/v2\/types\/product"}],"replies":[{"embeddable":true,"href":"https:\/\/decorstreaming.com\/index.php?rest_route=%2Fwp%2Fv2%2Fcomments&post=3115"}],"wp:featuredmedia":[{"embeddable":true,"href":"https:\/\/decorstreaming.com\/index.php?rest_route=\/wp\/v2\/media\/3116"}],"wp:attachment":[{"href":"https:\/\/decorstreaming.com\/index.php?rest_route=%2Fwp%2Fv2%2Fmedia&parent=3115"}],"wp:term":[{"taxonomy":"product_cat","embeddable":true,"href":"https:\/\/decorstreaming.com\/index.php?rest_route=%2Fwp%2Fv2%2Fproduct_cat&post=3115"},{"taxonomy":"product_tag","embeddable":true,"href":"https:\/\/decorstreaming.com\/index.php?rest_route=%2Fwp%2Fv2%2Fproduct_tag&post=3115"}],"curies":[{"name":"wp","href":"https:\/\/api.w.org\/{rel}","templated":true}]}}