{"id":2501,"date":"2024-10-07T18:02:21","date_gmt":"2024-10-07T16:02:21","guid":{"rendered":"https:\/\/decorstreaming.com\/?product=miliboo-chaise-de-bureau-design-blanc-et-bois-clair-yorke"},"modified":"2024-10-07T18:02:21","modified_gmt":"2024-10-07T16:02:21","slug":"miliboo-chaise-de-bureau-design-blanc-et-bois-clair-yorke","status":"publish","type":"product","link":"https:\/\/decorstreaming.com\/?product=miliboo-chaise-de-bureau-design-blanc-et-bois-clair-yorke","title":{"rendered":"Miliboo Chaise de Bureau Design Blanc et Bois Clair Yorke"},"content":{"rendered":"<p>Prix: <span style=\"color:#b12704\">14,90<\/span><\/p>\n<p>        Description du produit<\/p>\n<p>          <img decoding=\"async\" alt=\"Logo Miliboo\" src=\"https:\/\/images-na.ssl-images-amazon.com\/images\/G\/01\/x-locale\/common\/grey-pixel.gif\" class=\"a-lazy-loaded\" data-src=\"https:\/\/m.media-amazon.com\/images\/S\/aplus-media\/sc\/6c14d877-d124-42c1-b875-461dac3d5ce6.__CR0,0,600,180_PT0_SX600_V1___.jpg\"><\/p>\n<p>            <img decoding=\"async\" alt=\"Logo Miliboo\" src=\"https:\/\/m.media-amazon.com\/images\/S\/aplus-media\/sc\/6c14d877-d124-42c1-b875-461dac3d5ce6.__CR0,0,600,180_PT0_SX600_V1___.jpg\"><\/p>\n<p class=\"description\">Vous pensez que design et confort sont incompatibles ? Vous allez maintenant changer d&rsquo;avis avec la chaise de bureau YORKE. Avec son look unique et original, la chaise de bureau YORKE fera sensation dans le bureau. Ses jolies lignes courbes et son m\u00e9lange de mat\u00e9riaux en font un fauteuil au design \u00e9pur\u00e9 et tout en finesse. Sa structure est un subtil m\u00e9lange de bois et de polyur\u00e9thane. Le dossier et l&rsquo;assise sont rembourr\u00e9s pour plus de confort. Son pied en m\u00e9tal chrom\u00e9 est dot\u00e9 de cinq roulettes pour une meilleure stabilit\u00e9. La hauteur d&rsquo;assise est r\u00e9glable entre 47 et 55 cm afin que cette chaise s&rsquo;adapte \u00e0 toutes les hauteurs de bureau. Des accoudoirs aux formes arrondies finissent le look unique de cette chaise. Face \u00e0 un bureau design, cette chaise de bureau YORKE transformera votre espace de travail en un endroit tendance et confortable.<\/p>\n<p>          <img decoding=\"async\" alt=\"CHAISE DE BUREAU DESIGN BLANC ET BOIS CLAIR YORKE\" src=\"https:\/\/images-na.ssl-images-amazon.com\/images\/G\/01\/x-locale\/common\/grey-pixel.gif\" class=\"a-spacing-base a-lazy-loaded\" data-src=\"https:\/\/m.media-amazon.com\/images\/S\/aplus-media-library-service-media\/bda66999-8914-4dbc-859b-5097801b3a4e.__CR224,0,970,600_PT0_SX970_V1___.png\"><\/p>\n<p>            <img decoding=\"async\" alt=\"CHAISE DE BUREAU DESIGN BLANC ET BOIS CLAIR YORKE\" src=\"https:\/\/m.media-amazon.com\/images\/S\/aplus-media-library-service-media\/bda66999-8914-4dbc-859b-5097801b3a4e.__CR224,0,970,600_PT0_SX970_V1___.png\"><\/p>\n<h3 class=\"a-spacing-mini\">CHAISE DE BUREAU DESIGN BLANC ET BOIS CLAIR YORKE<\/h3>\n<h3 class=\"a-size-extra-large a-spacing-base a-text-center\">Aspect technique<\/h3>\n<p>                 Dimensions totales<br \/>\n                 L68 x P62.5 x H91-99 cm <\/p>\n<p>                 Hauteur dossier<br \/>\n                 L52 x H53 cm <\/p>\n<p>                 Dimensions assise<br \/>\n                 P45 x H47-55 cm <\/p>\n<p>                 Hauteur accoudoirs<br \/>\n                 69-77 cm <\/p>\n<p>                 Rev\u00eatement assise et dossier<br \/>\n                 Polyur\u00e9thane <\/p>\n<p>                 Mati\u00e8re<br \/>\n                 contreplaqu\u00e9 et m\u00e9tal <\/p>\n<p>                 Densit\u00e9 assise<br \/>\n                 35 kg\/m3 <\/p>\n<p>                 Poids maximum support\u00e9<br \/>\n                 120 kg <\/p>\n<p>                 Dimensions du colis<br \/>\n                 L63 x P38 x H64 cm <\/p>\n<p>                 Poids du colis<br \/>\n                 17.2 kg <\/p>\n<p>          <img decoding=\"async\" alt=\"CHAISE DE BUREAU DESIGN BLANC ET BOIS CLAIR YORKE\" src=\"https:\/\/images-na.ssl-images-amazon.com\/images\/G\/01\/x-locale\/common\/grey-pixel.gif\" class=\"a-spacing-base a-lazy-loaded\" data-src=\"https:\/\/m.media-amazon.com\/images\/S\/aplus-media-library-service-media\/374c49fe-1b7b-4803-b2b0-d1a98faae204.__CR224,0,970,600_PT0_SX970_V1___.png\"><\/p>\n<p>            <img decoding=\"async\" alt=\"CHAISE DE BUREAU DESIGN BLANC ET BOIS CLAIR YORKE\" src=\"https:\/\/m.media-amazon.com\/images\/S\/aplus-media-library-service-media\/374c49fe-1b7b-4803-b2b0-d1a98faae204.__CR224,0,970,600_PT0_SX970_V1___.png\"><\/p>\n<p>Dimensions dossier : L52 x H53 cm<br \/>Dimensions assise : P45 x H47-55 cm<br \/>Hauteur accoudoirs : 69-77 cm , Rev\u00eatement assise et dossier : Polyur\u00e9thane<br \/>Miliboo est une marque-enseigne fran\u00e7aise, sp\u00e9cialiste du mobilier contemporain sur Internet. Notre ambition ? Proposer des meubles design au meilleur prix pour toutes les pi\u00e8ces de la maison, con\u00e7us pour \u00eatre faciles \u00e0 vivre et exp\u00e9di\u00e9s en 48h. Miliboo ma\u00eetrise toute la cha\u00eene, de la conception \u00e0 l&rsquo;exp\u00e9dition pour vous proposer des produits de qualit\u00e9 \u00e0 des prix attractifs. Livraison gratuite et exp\u00e9dition sous 24\/72h. Prise de RDV par SMS.<\/p>\n","protected":false},"excerpt":{"rendered":"<p>Prix: Description du produit Vous pensez que design et confort sont incompatibles ? Vous allez maintenant changer d&rsquo;avis avec la chaise de bureau YORKE. Avec son look unique et original, la chaise de bureau YORKE fera sensation dans le bureau. Ses jolies lignes courbes et son m\u00e9lange de mat\u00e9riaux en font un fauteuil au design&hellip;<\/p>\n","protected":false},"featured_media":2502,"comment_status":"open","ping_status":"closed","template":"","meta":{"_gspb_post_css":"","_monsterinsights_skip_tracking":false,"_monsterinsights_sitenote_active":false,"_monsterinsights_sitenote_note":"","_monsterinsights_sitenote_category":0},"product_cat":[64],"product_tag":[],"class_list":{"0":"post-2501","1":"product","2":"type-product","3":"status-publish","4":"has-post-thumbnail","6":"product_cat-meuble-deco","8":"first","9":"instock","10":"shipping-taxable","11":"product-type-external","12":"add-to-wishlist-after_add_to_cart","13":"col-xs-6 col-sm-4","14":"col-md-3 col-lg-3","15":"un-4-cols"},"aioseo_notices":[],"_links":{"self":[{"href":"https:\/\/decorstreaming.com\/index.php?rest_route=\/wp\/v2\/product\/2501","targetHints":{"allow":["GET"]}}],"collection":[{"href":"https:\/\/decorstreaming.com\/index.php?rest_route=\/wp\/v2\/product"}],"about":[{"href":"https:\/\/decorstreaming.com\/index.php?rest_route=\/wp\/v2\/types\/product"}],"replies":[{"embeddable":true,"href":"https:\/\/decorstreaming.com\/index.php?rest_route=%2Fwp%2Fv2%2Fcomments&post=2501"}],"wp:featuredmedia":[{"embeddable":true,"href":"https:\/\/decorstreaming.com\/index.php?rest_route=\/wp\/v2\/media\/2502"}],"wp:attachment":[{"href":"https:\/\/decorstreaming.com\/index.php?rest_route=%2Fwp%2Fv2%2Fmedia&parent=2501"}],"wp:term":[{"taxonomy":"product_cat","embeddable":true,"href":"https:\/\/decorstreaming.com\/index.php?rest_route=%2Fwp%2Fv2%2Fproduct_cat&post=2501"},{"taxonomy":"product_tag","embeddable":true,"href":"https:\/\/decorstreaming.com\/index.php?rest_route=%2Fwp%2Fv2%2Fproduct_tag&post=2501"}],"curies":[{"name":"wp","href":"https:\/\/api.w.org\/{rel}","templated":true}]}}