{"id":2180,"date":"2024-10-07T14:44:05","date_gmt":"2024-10-07T12:44:05","guid":{"rendered":"https:\/\/decorstreaming.com\/?product=elgato-pro-audio-video-bundle-webcam-full-hd-premium-et-micro-xlr-dynamique-pour-le-streaming-le-podcasting-lenregistrement-hdr-noise-rejection-compatible-avec-obs-zoom-teams-pc-mac"},"modified":"2024-10-07T14:44:05","modified_gmt":"2024-10-07T12:44:05","slug":"elgato-pro-audio-video-bundle-webcam-full-hd-premium-et-micro-xlr-dynamique-pour-le-streaming-le-podcasting-lenregistrement-hdr-noise-rejection-compatible-avec-obs-zoom-teams-pc-mac","status":"publish","type":"product","link":"https:\/\/decorstreaming.com\/?product=elgato-pro-audio-video-bundle-webcam-full-hd-premium-et-micro-xlr-dynamique-pour-le-streaming-le-podcasting-lenregistrement-hdr-noise-rejection-compatible-avec-obs-zoom-teams-pc-mac","title":{"rendered":"Elgato Pro Audio &#038; Video Bundle &#8211; Webcam Full HD Premium et Micro XLR Dynamique pour Le Streaming, Le podcasting, l&rsquo;enregistrement &#8211; HDR, Noise Rejection, Compatible avec OBS, Zoom, Teams, PC\/Mac"},"content":{"rendered":"<p>Prix: <span style=\"color:#b12704\">292,79\u20ac<\/span><br \/>\n<span>Elgato Facecam MK.2 &amp; Elgato Wave DX avec c\u00e2ble XLR<\/span><br \/>Compatible HDR : ma\u00eetrisez facilement les soucis li\u00e9s aux contrastes trop prononc\u00e9s et profitez d&rsquo;une incroyable nettet\u00e9 en r\u00e9solution 1080p60<br \/>Sans compression : enregistrez des vid\u00e9os \u00e0 faible latence avec encore plus de d\u00e9tails et de fid\u00e9lit\u00e9, pour des s\u00e9quences de qualit\u00e9 optimale; R\u00e9solutions compatibles (sans compression*) : 1080p60, 1080p30, 720p120, 720p60, 720p30, 540p120, 540p60, 540p30; Remarque : avec compression en USB 2.0 et sans compression en USB 3.0<br \/>Fonctionne avec une interface audio XLR : aucun booster de signal requis<br \/>Durable et polyvalent : gaine tress\u00e9e en nylon renforc\u00e9, fiches m\u00e9talliques et connecteurs plaqu\u00e9s or<\/p>\n","protected":false},"excerpt":{"rendered":"<p>Prix: Elgato Facecam MK.2 &amp; Elgato Wave DX avec c\u00e2ble XLRCompatible HDR : ma\u00eetrisez facilement les soucis li\u00e9s aux contrastes trop prononc\u00e9s et profitez d&rsquo;une incroyable nettet\u00e9 en r\u00e9solution 1080p60Sans compression : enregistrez des vid\u00e9os \u00e0 faible latence avec encore plus de d\u00e9tails et de fid\u00e9lit\u00e9, pour des s\u00e9quences de qualit\u00e9 optimale; R\u00e9solutions compatibles (sans&hellip;<\/p>\n","protected":false},"featured_media":2181,"comment_status":"open","ping_status":"closed","template":"","meta":{"_gspb_post_css":"","_monsterinsights_skip_tracking":false,"_monsterinsights_sitenote_active":false,"_monsterinsights_sitenote_note":"","_monsterinsights_sitenote_category":0},"product_cat":[67],"product_tag":[],"class_list":{"0":"post-2180","1":"product","2":"type-product","3":"status-publish","4":"has-post-thumbnail","6":"product_cat-micros","8":"first","9":"instock","10":"shipping-taxable","11":"product-type-external","12":"add-to-wishlist-after_add_to_cart","13":"col-xs-6 col-sm-4","14":"col-md-3 col-lg-3","15":"un-4-cols"},"aioseo_notices":[],"_links":{"self":[{"href":"https:\/\/decorstreaming.com\/index.php?rest_route=\/wp\/v2\/product\/2180","targetHints":{"allow":["GET"]}}],"collection":[{"href":"https:\/\/decorstreaming.com\/index.php?rest_route=\/wp\/v2\/product"}],"about":[{"href":"https:\/\/decorstreaming.com\/index.php?rest_route=\/wp\/v2\/types\/product"}],"replies":[{"embeddable":true,"href":"https:\/\/decorstreaming.com\/index.php?rest_route=%2Fwp%2Fv2%2Fcomments&post=2180"}],"wp:featuredmedia":[{"embeddable":true,"href":"https:\/\/decorstreaming.com\/index.php?rest_route=\/wp\/v2\/media\/2181"}],"wp:attachment":[{"href":"https:\/\/decorstreaming.com\/index.php?rest_route=%2Fwp%2Fv2%2Fmedia&parent=2180"}],"wp:term":[{"taxonomy":"product_cat","embeddable":true,"href":"https:\/\/decorstreaming.com\/index.php?rest_route=%2Fwp%2Fv2%2Fproduct_cat&post=2180"},{"taxonomy":"product_tag","embeddable":true,"href":"https:\/\/decorstreaming.com\/index.php?rest_route=%2Fwp%2Fv2%2Fproduct_tag&post=2180"}],"curies":[{"name":"wp","href":"https:\/\/api.w.org\/{rel}","templated":true}]}}